 d*s = 14, 0 = -3*s + 3 + 3. What are the prime factors of k?
2, 5
Suppose 0 = p - 5*g - 121, -3*p - 11*g = -8*g - 363. List the prime factors of p.
11
Let f be 2/8 + 508/16. Suppose -2*t = -10 - f. What are the prime factors of t?
3, 7
What are the prime factors of (-1)/((-364)/(-184) - 2)?
2, 23
Let c be (1 + 1)/(2/(-13)). Let i = 30 + c. List the prime factors of i.
17
List the prime factors of 2*-3*(3 - (-159)/(-6)).
3, 47
Suppose -t + 4 = 2, -3*h - 2*t + 16 = 0. Let i(u) = -6 + 8*u + 5*u**3 + h*u**2 - 2*u**3 - 4*u**3. List the prime factors of i(5).
3
Let w be 6/(-4)*84/9. Let a = w - -20. Let d(k) = 2*k - 6. List the prime factors of d(a).
2, 3
Let x(f) = f**3 - 7*f**2 - 8*f + 2. Let g be x(8). Let k be (-1)/((-7)/3 + g). Let w = k - -2. List the prime factors of w.
5
Suppose -221 = -7*l + 465. What are the prime factors of l?
2, 7
Let l(v) = 2*v - 9. What are the prime factors of l(11)?
13
Let y = 2 + -10. Let w = -5 - y. Suppose 29 + 1 = w*c. What are the prime factors of c?
2, 5
Let u = -303 + 527. What are the prime factors of u?
2, 7
Let j(i) = -i**3 - 9*i**2 - 4*i + 17. What are the prime factors of j(-9)?
53
Suppose 5*i - 3 = 32. Suppose -3*u - 2*u - 4*n + 7 = 0, -2*n = u + 1. Let d = i - u. List the prime factors of d.
2
Let h = -15 - -15. List the prime factors of (-25)/2*(-2 - h).
5
Let y(k) = 7*k - 9. What are the prime factors of y(5)?
2, 13
Suppose 2*t + 6 = 4*t. Suppose -2*g + t*g - l = 39, g + 3*l = 59. List the prime factors of g/3 - (-10)/(-15).
2, 7
Let f(j) = 25*j - 7. List the prime factors of f(5).
2, 59
Suppose b = 4*j - 0*b - 365, 4*j - 380 = -4*b. What are the prime factors of j?
2, 23
Suppose 0*l - 2*l = -100. Suppose -l = -3*y - 5. List the prime factors of y.
3, 5
Let o be -5*2/(-2) - -2. Let b = o + -2. Suppose -b*v - 4*j + 34 = 0, -4*v + 60 = -j - 4*j. List the prime factors of v.
2, 5
Suppose 5*y - 174 + 24 = 0. List the prime factors of y.
2, 3, 5
Suppose 4*n = -4*z + 24, -2*z + 2 = -5*n + 4. Suppose -1 = -k - 4, -n*j - k - 3 = 0. Let d = j - -11. List the prime factors of d.
11
Let o = 54 - 51. What are the prime factors of o?
3
Let w(g) = 8*g - 2. List the prime factors of w(4).
2, 3, 5
Suppose 5*y + 4*r = 21, -y = -r + 1 + 2. Let p(o) = 3*o**2 + o - 1. Let d be p(y). Suppose -d*s = -4 - 11. What are the prime factors of s?
5
Suppose -39 + 319 = 5*o - 5*q, 0 = o - 5*q - 52. What are the prime factors of o?
3, 19
Let y(q) = 26*q + 1. List the prime factors of y(6).
157
Let x = -61 - -37. Suppose -3 = u, -m - 3*u = -0*m + 7. What are the prime factors of (-508)/x - m/12?
3, 7
Let r(j) = -19*j - 35. List the prime factors of r(-6).
79
Let j(p) = p**2 + 4*p. Let g be j(-5). Suppose 0 = 3*z - g*z - 8. Let b = z - -7. List the prime factors of b.
3
Let k = 455 - 266. List the prime factors of k.
3, 7
Let a(n) = -46 + 3*n + 38 + 2*n. List the prime factors of a(7).
3
Suppose 4*y - 257 = -4*i - 57, -5*i + 4*y = -259. What are the prime factors of i?
3, 17
Let y(w) = -25*w**3 - w**2 + w + 1. Let h be y(-1). Suppose -4*r = -4*k + 24, -4*r + h = 3*k + 6. Suppose -4 - k = -o. What are the prime factors of o?
2, 5
Suppose 0 = -3*v - 19 + 4. Let p(g) = g**2 + 4*g - 1. List the prime factors of p(v).
2
List the prime factors of 7581/42 - (-2)/4.
181
Suppose -4*a + 20 = 0, 2*d + 4*a + 11 = 43. Suppose 4*c = d*c - 26. List the prime factors of c.
13
Let s(r) = -r + 4. Suppose -h - 5*k = 29, 3*h - 4*k + 2 = h. List the prime factors of s(h).
13
Suppose -5*k + 3*k = -20. Let l(s) = s - 9. Let p(q) = 4*q - 28. Let v(r) = k*l(r) - 3*p(r). What are the prime factors of v(-5)?
2
What are the prime factors of 83/3 - 1/(-3)?
2, 7
Suppose 11 = l - 1. What are the prime factors of l?
2, 3
Suppose 0 = -m + 9 - 2. Let i = m - 4. Suppose -4 = i*p - 4*p. What are the prime factors of p?
2
Suppose 0 = 5*m + 5, -4*c + 3*m + 3 = -0*c. List the prime factors of (3 - c) + -1 + 13.
3, 5
What are the prime factors of (-602)/(-8) - 4/16?
3, 5
Suppose -5*d + 5*w + 720 = 0, -4*d + 576 = -0*d + 4*w. Let v be (-1)/(-2)*d/3. Suppose 3*a = 3*n + v, 5*n - 3 = 17. List the prime factors of a.
2, 3
Let q be 10/(-4) - (-1)/(-2). Suppose 5 = c + 2. List the prime factors of (c + 12)*(-1)/q.
5
Let z(s) be the first derivative of -s**3/3 + 4*s**2 + 7*s + 2. Let k be z(9). Let h = 2 - k. What are the prime factors of h?
2
Let b be 36/(-27)*3/2. What are the prime factors of (-2 + -2 + 2)*b?
2
Let y be (36/(-5))/(21/(-70)). Suppose -c + y = -0. List the prime factors of c.
2, 3
Let h(t) = -t**3 + 3*t**2 + 4*t + 3. Let j be h(-2). Let u = j + -1. List the prime factors of u.
2, 7
Let s(d) = d + 2. Suppose 0 = -5*m + f - 2, 6 = -m + 3*f. List the prime factors of s(m).
2
Let h(u) = u**2 - 8*u + 7. Let w be h(6). Let k = 66 + -50. Let f = k + w. What are the prime factors of f?
11
Let h = -7 + 65. What are the prime factors of h?
2, 29
Let j = -5 - -3. Let u = 5 + j. List the prime factors of 2/u*(-108)/(-6).
2, 3
Let c(s) = s + 2. Let f be c(-6). List the prime factors of (-4)/f - (-21)/1.
2, 11
Let t(g) be the second derivative of -g**6/360 + 3*g**5/40 + g**4/2 - g**3/6 - 2*g. Let m(l) be the second derivative of t(l). List the prime factors of m(9).
2, 3
Let h(m) be the second derivative of -m**5/20 + 5*m**4/12 + 5*m**3/6 + 4*m**2 - m. Let p be h(6). Suppose -31 = -p*y - 7. List the prime factors of y.
2, 3
List the prime factors of 1/(-2)*(-1 - (-1269)/(-3)).
2, 53
Let p be 8*-2*1/(-4). Let x = 45 + -41. Suppose -8 = p*h + x*y, 2*h - 11 = 3*y - 2*y. What are the prime factors of h?
3
Suppose y + 3*y = 12. Let b = 9 - y. List the prime factors of b.
2, 3
Let b = -31 - -44. Suppose -3*n - 4*k + 21 = 0, 5*k - b = -n + 5. Suppose 3*v - 15 = -n*o + 5*v, 0 = 2*o + 4*v - 10. List the prime factors of o.
5
Let o(a) = a**2 - 2*a + 17. Let k(g) = 2*g**2 - 3*g + 18. Let u(v) = -2*k(v) + 3*o(v). What are the prime factors of u(0)?
3, 5
Let z be ((-4)/(-1))/((-4)/6). Let k = 3 + z. What are the prime factors of k*(2 + (-24)/9)?
2
What are the prime factors of (-17)/(-2)*(4 + -2)?
17
Suppose 10*l = 5*l - 30. Let p = 10 + l. List the prime factors of p.
2
Let z = -3 + 3. Let i = 3 - z. Suppose 15 = b + i. What are the prime factors of b?
2, 3
Let u(g) = g**2 - 2*g - 1. Let j(q) = q**2 - 2*q - 4. Let h be j(3). Let d be u(h). List the prime factors of d + -1*(-3 - 1).
2, 3
Suppose 5*z = 3*g + 170, 2*z - 87 = 5*g - 0*g. Let x = -21 + z. What are the prime factors of (-4)/x - 88/(-20)?
2
Let v(z) = z**2 + 4*z + 20. What are the prime factors of v(-15)?
5, 37
Let r = -5 - -8. Suppose 5*a = -r*x + 65, 5*x + 4*a - 87 = a. List the prime factors of x.
3, 5
Let z = 10 + -8. What are the prime factors of z?
2
Let d = 550 - 337. List the prime factors of d.
3, 71
Let g = -240 + 342. List the prime factors of g.
2, 3, 17
Suppose -12 = 3*u, -4*r - 24 = 5*u - 0. Suppose 0 = -3*b, p + 2*b = -b - 6. List the prime factors of (-8 + r)/(p/4).
2, 3
Let y = -7 - -7. Suppose 0*a - 5*a + 40 = y. List the prime factors of a.
2
Suppose -5*l - 46 = -6. Let y be (2 - 1) + (l - -11). Let a(b) = 2*b**2 - 2*b - 2. What are the prime factors of a(y)?
2, 11
Let x(p) be the second derivative of -p**4/12 - 7*p**3/3 + 5*p**2/2 + 8*p. List the prime factors of x(-6).
53
Let k(m) = 2*m**2 + m - 4. Suppose 0 = 3*i - 2*i + 7. Let c = i - -4. List the prime factors of k(c).
11
Suppose 7*i + 125 = 8*i. List the prime factors of i.
5
Let n = 34 + -60. What are the prime factors of 12/(-78) - 550/n?
3, 7
What are the prime factors of (30/9 + -2)/(10/735)?
2, 7
Suppose 0 = -2*y - y - 42. Let z be 1/6 + y/12. What are the prime factors of 2*z*(-8)/4?
2
Let h(u) = 19*u + 1. Let s = 2 + -1. Let o be h(s). Suppose 4*x - 2*x - o = 0. What are the prime factors of x?
2, 5
Let z(v) = -v**2 - 4*v - 3. Let t be z(-2). List the prime factors of 3/((-9)/(-21)) - t.
2, 3
Let q(j) = -13*j - 4. Let h be q(3). What are the prime factors of (-2)/(-8) - h/4?
11
Let x be -7*-1*(0 + 1). Suppose 0 = 14*y - 10*y. Suppose -z = -y*z - x. What are the prime factors of z?
7
Suppose 3*r = -5*g + 21, -g = 5*r - 4 - 9. Let p = r - 4. What are the prime factors of (33/(-6))/(1/p)?
11
Suppose 5*b = -0*w - 4*w + 214, -4*w = 3*b - 218. List the prime factors of w.
2, 7
Suppose 2*v - 5*p = -0*v + 43, 98 = 4*v + 2*p. What are the prime facto